{"id":44,"date":"2023-06-28T13:59:49","date_gmt":"2023-06-28T11:59:49","guid":{"rendered":"https:\/\/www.equipagecoeurduvar.org\/?page_id=44"},"modified":"2024-03-11T23:07:27","modified_gmt":"2024-03-11T22:07:27","slug":"devenez-mecene-de-lassociation","status":"publish","type":"page","link":"https:\/\/equipagecoeurduvar.org\/?page_id=44","title":{"rendered":"Apportez votre soutien \u00e0 l&rsquo;association !"},"content":{"rendered":"\n<p>Soutenez notre association en l\u2019aidant financi\u00e8rement pour d\u00e9velopper son activit\u00e9 d\u00e9sint\u00e9ress\u00e9e en faveur des jeunes du d\u00e9partement du Var.<\/p>\n\n\n\n<p>Vous ferez ainsi une \u0153uvre utile et bienfaisante, emplie d&rsquo;humanit\u00e9. <\/p>\n\n\n\n<p>En retour, vous b\u00e9n\u00e9ficierez d&rsquo;une image publique positive et notre association ne manquera pas de le souligner \u00e0 la moindre occasion, notamment au cours de ses op\u00e9rations m\u00e9diatiques.<\/p>\n\n\n\n<p>Vous recevrez, par ailleurs, \u00e0 bref d\u00e9lai, une facture en bonne et due forme.<\/p>\n\n\n\n<figure class=\"wp-block-image aligncenter size-large\"><img data-recalc-dims=\"1\" fetchpriority=\"high\" decoding=\"async\" width=\"724\" height=\"1024\" src=\"https:\/\/i0.wp.com\/equipagecoeurduvar.org\/wp-content\/uploads\/2023\/08\/20230714-Flyer-couleur-Mecene.jpg?resize=724%2C1024&#038;ssl=1\" alt=\"\" class=\"wp-image-698\" srcset=\"https:\/\/i0.wp.com\/equipagecoeurduvar.org\/wp-content\/uploads\/2023\/08\/20230714-Flyer-couleur-Mecene.jpg?resize=724%2C1024&amp;ssl=1 724w, https:\/\/i0.wp.com\/equipagecoeurduvar.org\/wp-content\/uploads\/2023\/08\/20230714-Flyer-couleur-Mecene.jpg?resize=212%2C300&amp;ssl=1 212w, https:\/\/i0.wp.com\/equipagecoeurduvar.org\/wp-content\/uploads\/2023\/08\/20230714-Flyer-couleur-Mecene.jpg?resize=768%2C1086&amp;ssl=1 768w, https:\/\/i0.wp.com\/equipagecoeurduvar.org\/wp-content\/uploads\/2023\/08\/20230714-Flyer-couleur-Mecene.jpg?resize=600%2C848&amp;ssl=1 600w, https:\/\/i0.wp.com\/equipagecoeurduvar.org\/wp-content\/uploads\/2023\/08\/20230714-Flyer-couleur-Mecene.jpg?resize=82%2C116&amp;ssl=1 82w, https:\/\/i0.wp.com\/equipagecoeurduvar.org\/wp-content\/uploads\/2023\/08\/20230714-Flyer-couleur-Mecene.jpg?w=827&amp;ssl=1 827w\" sizes=\"(max-width: 724px) 100vw, 724px\" \/><\/figure>\n\n\n\n<div class=\"wp-block-buttons is-content-justification-center is-layout-flex wp-container-core-buttons-is-layout-a89b3969 wp-block-buttons-is-layout-flex\">\n<div class=\"wp-block-button\"><a class=\"wp-block-button__link wp-element-button\" href=\"https:\/\/www.helloasso.com\/associations\/equipage-coeur-du-var\/formulaires\/2\" target=\"_blank\" rel=\"noreferrer noopener\">Je fais un don<\/a><\/div>\n<\/div>\n\n\n\n<p>     <\/p>\n","protected":false},"excerpt":{"rendered":"<p>Soutenez notre association en l\u2019aidant financi\u00e8rement pour d\u00e9velopper son activit\u00e9 d\u00e9sint\u00e9ress\u00e9e en faveur des jeunes du d\u00e9partement du Var. Vous ferez ainsi une \u0153uvre utile et bienfaisante, emplie d&rsquo;humanit\u00e9. En &hellip; <\/p>\n<p class=\"link-more\"><a href=\"https:\/\/equipagecoeurduvar.org\/?page_id=44\" class=\"more-link\">Lire la suite de<span class=\"screen-reader-text\">\u00ab\u00a0Apportez votre soutien \u00e0 l&rsquo;association !\u00a0\u00bb<\/span><\/a><\/p>\n","protected":false},"author":4,"featured_media":0,"parent":0,"menu_order":3,"comment_status":"closed","ping_status":"closed","template":"","meta":{"inspiro_hide_title":false,"footnotes":""},"class_list":["post-44","page","type-page","status-publish","hentry"],"jetpack-related-posts":[],"jetpack_sharing_enabled":true,"featured_media_urls":[],"_links":{"self":[{"href":"https:\/\/equipagecoeurduvar.org\/index.php?rest_route=\/wp\/v2\/pages\/44","targetHints":{"allow":["GET"]}}],"collection":[{"href":"https:\/\/equipagecoeurduvar.org\/index.php?rest_route=\/wp\/v2\/pages"}],"about":[{"href":"https:\/\/equipagecoeurduvar.org\/index.php?rest_route=\/wp\/v2\/types\/page"}],"author":[{"embeddable":true,"href":"https:\/\/equipagecoeurduvar.org\/index.php?rest_route=\/wp\/v2\/users\/4"}],"replies":[{"embeddable":true,"href":"https:\/\/equipagecoeurduvar.org\/index.php?rest_route=%2Fwp%2Fv2%2Fcomments&post=44"}],"version-history":[{"count":16,"href":"https:\/\/equipagecoeurduvar.org\/index.php?rest_route=\/wp\/v2\/pages\/44\/revisions"}],"predecessor-version":[{"id":2051,"href":"https:\/\/equipagecoeurduvar.org\/index.php?rest_route=\/wp\/v2\/pages\/44\/revisions\/2051"}],"wp:attachment":[{"href":"https:\/\/equipagecoeurduvar.org\/index.php?rest_route=%2Fwp%2Fv2%2Fmedia&parent=44"}],"curies":[{"name":"wp","href":"https:\/\/api.w.org\/{rel}","templated":true}]}}